?
6
Suppose 4*b + 16 = 0, 5*u - 24 = -b + 2*b. Suppose 2*o + d = 7, -2*o + u = -o + d. Suppose 2*j + 20 = o*j. What is the units digit of j?
0
Suppose j + 4 = -0*j. What is the units digit of (-416)/(-10) - j/10?
2
Let j = -7 - 9. Let x = j - -8. What is the units digit of 426/8 - x/(-32)?
3
Let y(p) = -2*p**3 - 7*p**2 + 4*p + 109. What is the units digit of y(-9)?
4
Let y = -249 - -1324. What is the tens digit of y?
7
Let i be 325/45 - 4/18. Suppose -i*g + 90 = -4*g. Suppose -8 + g = r. What is the tens digit of r?
2
Suppose 2*h = 4056 - 1158. What is the units digit of h?
9
Let k(a) = 5*a + 5. Let f be 2/(-5)*5*-6. What is the tens digit of k(f)?
6
Let a be (-3)/(1/4*-3). Suppose a*p + 39 = -41. Let t = 55 + p. What is the units digit of t?
5
Let x be ((-3)/(-2))/(9/(-96)). Let h(s) = -s - 5. What is the units digit of h(x)?
1
Suppose 5 = 3*y - 7. Suppose j - y = -j. Suppose 0 = j*l - 3*l + 15. What is the tens digit of l?
1
Suppose -657 = -5*z - 3*o, -3*z + 0*z = -3*o - 375. What is the units digit of z?
9
What is the tens digit of (-125070)/(-120) - 6/(-8)?
4
Suppose 2*i - 35*r = -34*r + 1892, -2*r = 2*i - 1904. What is the tens digit of i?
4
Let y be (-1 + 4 - 2)/(-1). Let w be 4*(y - (-6)/4). Suppose -w*t - 2 = -12. What is the units digit of t?
5
Let h = -58 - -401. Suppose 7*u - h = -0*u. What is the tens digit of u?
4
Suppose 115*m - 24966 = 117519. What is the tens digit of m?
3
Suppose 5*g + 2*b - 1371 = 0, -5*g - b + 822 = -2*g. What is the hundreds digit of g?
2
Suppose 7*t - 3001 = 1899. What is the units digit of t?
0
Suppose -3*l + 2*x + 88 = 0, 3*x = l - 9 - 18. Let z = l + -21. Let b = 5 + z. What is the units digit of b?
4
What is the units digit of (35/(-5) - -5)*-181?
2
Let i = 8 - 3. Suppose -126*r = -102*r - 5040. Suppose 0 = 5*v - 4*h - 174, i*v + h = -4*h + r. What is the units digit of v?
8
Let t be 0 + 5 + (-4 - -2). Suppose 2*z - 136 = n, t*z - 2*n = -0*z + 206. What is the units digit of z?
6
Let w = 68 - 18. Suppose 4*y = 5*p + 2 - 93, p = 4*y + 95. Let q = w + y. What is the units digit of q?
6
Suppose s - 1176 = -2*w, 3*w - 4*s = s + 1764. What is the units digit of w?
8
What is the hundreds digit of 1920/9*(-12)/(-8)?
3
Let c(r) = -2*r**2 + 3*r + 2. Let u(g) = g**2 - 2*g - 1. Let m(d) = -6*c(d) - 11*u(d). Let t be m(-5). Suppose -t*i + 93 = -i. What is the units digit of i?
1
Let l(o) = o**3 + 7*o**2 + 10*o + 5. Let t be l(-5). Suppose -12 = t*b - 27. What is the units digit of b?
3
Suppose -5*p + p = -72. Let g = p + -14. Suppose -28 = -5*c + 4*i - g, c - 7 = 3*i. What is the units digit of c?
4
What is the units digit of 4949 + 2*-4*9/(-12)?
5
Suppose -159*q = -133*q - 38246. What is the tens digit of q?
7
Suppose 2*r - 2515 + 209 = -2*t, 0 = r - 3*t - 1141. What is the units digit of r?
0
Suppose 5*j + 137 = -2*r + 3*r, -2*j + 577 = 5*r. What is the units digit of r + (-13 - -4)/3?
4
Let n(c) = 3*c + 3. Let a(k) = 4*k + 3. Let q(t) = -7*a(t) + 6*n(t). What is the tens digit of q(-5)?
4
Let m = 2663 + 900. What is the hundreds digit of m?
5
Let x(v) = -118*v + 20. Let d be x(-5). Let y = -353 + d. What is the hundreds digit of y?
2
Let g(t) = -t**2 - 7*t - 3. Let a be g(-6). What is the tens digit of 4/a - 2054/(-39)?
5
Let o = 605 + 455. What is the hundreds digit of o?
0
Let h = 135 + -215. Let r = h + 245. What is the tens digit of r?
6
Suppose 4*z = z, -z + 15 = 3*y. Suppose 9*k - 492 = y*k. What is the tens digit of k?
2
Suppose 0*s + 1013 = 3*s + 5*d, -5*s + 1679 = -d. Suppose -3*y = -5*g + 230 + s, -3*g - 5*y = -326. What is the tens digit of g?
1
Let a = 251 + -96. Suppose 0 = 4*z + p - 143, 4*z + 3*p = -2*p + a. What is the units digit of z?
5
Suppose 216 = 6*k + 78. Suppose z - k = -11. Suppose -8*s + z*s - 232 = 0. What is the units digit of s?
8
Let t be ((-16)/(-5))/(3/30). Suppose -t = -6*g + 154. What is the tens digit of g?
3
Suppose 0 = 4*r - 5*r + 2, -4*i = 4*r - 16. Suppose 127 + 19 = i*j + 3*t, j = -2*t + 75. What is the units digit of j?
7
Let f(k) = -13*k**2 - k + 11. Let z(v) = 7*v**2 + v - 5. Let s(c) = 2*c**2 + 3*c. Let u be s(-2). Let t(q) = u*f(q) + 5*z(q). What is the units digit of t(-3)?
9
Suppose 24 = -5*j - 5*z - 26, -4*j - 3*z = 36. Let a(y) = y**2 + 6*y + 7. Let i be a(j). Let s = 8 - i. What is the units digit of s?
1
Suppose -k + 2*k - 411 = 0. What is the units digit of -4 - k/(-6)*2?
3
Let f(d) = d + 20 + 10*d - 4*d. What is the units digit of f(7)?
9
Suppose -28*u + 30*u - 678 = -3*a, -2*u = -3*a - 702. What is the tens digit of u?
4
Let o = 6 - -45. Suppose -20 = 5*t, -t + o = -3*y + 316. What is the tens digit of y?
8
Let d be (-2)/(-14) - 250/35. What is the tens digit of ((-1)/(-2)*-119)/(d/14)?
1
Let w(c) = -20*c + 10. Suppose -4*h - 3*d - 1 = 13, -5*d = -4*h + 2. What is the units digit of w(h)?
0
Let w = 32 - 27. Let h = -4 + w. What is the units digit of h?
1
Suppose 3*a - 1 = 5. Let y(z) = 9*z**3 - 2*z**a - 1 + 15*z**3 + 4*z**2 + 17*z**3. What is the units digit of y(1)?
2
Suppose -53 = 3*z + 5*g, 5*z - 6*g + 39 = -2*g. Let u(m) = 2*m**3 + 23*m**2 + 10*m + 12. What is the tens digit of u(z)?
2
What is the units digit of (15 + (-21)/(-7))*34?
2
Let u = -127 - -195. Let f = 2 - -4. Suppose 2*r - f*r + u = 0. What is the units digit of r?
7
Suppose -3*c - 8 - 11 = -5*v, -3*v = -c - 9. Suppose -v*t + 197 = 31. What is the tens digit of t?
8
Suppose -3*i = -4*g - 1213, -1669 = -9*i + 5*i - 5*g. What is the tens digit of i?
1
What is the units digit of 1425/3325 - 5167*4/(-7)?
3
Let i = -14 - 1. Suppose v - 3*z - 13 = 0, 1 = -v + 5*z + 8. Let c = v + i. What is the units digit of c?
7
Let g = 7 - 5. Suppose 2 = b, -q + g*b + 3*b + 53 = 0. What is the tens digit of q?
6
Let k = -543 + 1029. What is the units digit of k?
6
Suppose -5*v = -26 - 34. Suppose 222 = -10*w + v*w. Suppose 0 = 4*m - m - w. What is the units digit of m?
7
Suppose 0 = -2*c + c + 21. Suppose -16*v + c*v - 20 = 0. Suppose 0 = -0*k - v*k + 8. What is the units digit of k?
2
Suppose -h = -3*q - 1516, 0 = -2*h - 2*q - q + 3014. What is the hundreds digit of h?
5
Let d = -6 + 1. Let j = d - -14. What is the units digit of 78/j*12/8?
3
Let b(c) = 10*c + 3. Suppose 4 = 2*v - 2. Let y be b(v). Let u = 84 - y. What is the tens digit of u?
5
Suppose 2*r = 5 - 3, -3*r = -3*f + 3276. What is the thousands digit of f?
1
Let w(c) = -c**3 + 12*c**2 - 21*c + 11. Let s be w(10). Let a = 76 - s. What is the tens digit of a?
7
Suppose -12 = -2*t + 4*s, 0 = -5*s - 4 - 6. Suppose -225 = -l - t*l. What is the tens digit of l?
7
Let j = 12 - 9. Suppose m - 5*x = -2*x + 2, j*m - x - 6 = 0. What is the units digit of 1/(-4)*-14*m?
7
Suppose -66 = -2*n - 0*n. Let t be 588/n - (-2)/11. What is the units digit of 112/t - 2/9?
6
Suppose 124*a - 3887 = 111*a. What is the tens digit of a?
9
Suppose -8*m + 7 + 9 = 0. Suppose -290 = -m*r + 2. Suppose -6*c + 244 = -r. What is the tens digit of c?
6
Let d(o) = o**3 + 8*o**2 - 9*o + 21. Suppose 2*h - 3 + 12 = -z, 2*z + 2*h + 18 = 0. What is the units digit of d(z)?
1
Suppose -15*t = 428 - 1238. What is the units digit of t?
4
Let i(d) = -149*d - 16. What is the hundreds digit of i(-1)?
1
Let r = -6 - -6. Let m = 87 - 85. Suppose 57 = a - f, r*a = a - m*f - 56. What is the units digit of a?
8
Let f be 1*-1 + (16 - 0). Suppose -72*r = -365 - 931. Let q = r - f. What is the units digit of q?
3
What is the units digit of (1/(21/(-6)))/(20/(-48370))?
1
Let l be ((-2)/(-1))/(12/(-42)). Suppose -4*d + 108 = -0*d. Let o = d - l. What is the units digit of o?
4
Suppose -2*h - 4 = -2. Let x = 2 + h. Let i = x + 13. What is the units digit of i?
4
Let g(v) = 9*v**2 - 65*v + 88. What is the hundreds digit of g(26)?
4
Let f(m) = -64*m + 66. What is the tens digit of f(-21)?
1
Suppose -1544 = -40*r + 32*r. What is the tens digit of r?
9
Let y(h) = 6*h**2 + 8*h - 51. What is the tens digit of y(12)?
0
Let h(s) = -7*s + 5*s - 3*s + 22 + 3*s. Let j be h(10). Suppose d = -b + 7, 2 = j*d + 3*b - 7. What is the tens digit of d?
1
Let w(y) = -y + 2. Let d be w(3). What is the tens digit of ((-508)/(-14))/(d/(-7))?
5
Let h = 839 - 439. What is the hundreds digit of h?
4
Let h = 191 - 298. Let y = h + 174. What is the units digit of y?
7
Let j(z) = -53*z**2 - 3*z - 3. Let n be j(-2). Let m = n - -355